Give z(6).
22
Let j(o) = o**2 - 13*o + 114. Determine j(9).
78
Let q(r) = -r**3 - 13*r**2 - 14*r - 33. What is q(-12)?
-9
Let u(t) = -354*t + 31868. What is u(90)?
8
Let j(n) = 141*n + 1018. Give j(-8).
-110
Let x(i) = -3*i**3 + i**2 + 63*i + 61. What is x(-1)?
2
Let y(l) = -l**3 - 7*l**2 + 11*l - 23. Determine y(-8).
-47
Let f(s) = -31*s**2 + 215*s - 163. Calculate f(6).
11
Let d(p) = 13*p**2 + 13*p + 14. Calculate d(-4).
170
Let r(c) = -1806*c + 97515. What is r(54)?
-9
Let t(i) = 16*i**2 - 1456*i - 151. Give t(91).
-151
Let u(r) = r**3 + 24*r**2 + r + 17. Calculate u(-24).
-7
Let a(t) = 2*t**2 - 70*t - 2. What is a(0)?
-2
Let k(l) = 7*l**3 + 3*l**2 - 23*l - 3. Determine k(4).
401
Let p(k) = 23*k + 148. Determine p(-7).
-13
Let t(k) = 7*k**2 + 14*k + 21. What is t(-2)?
21
Let n(c) = 2*c - 97. Give n(-11).
-119
Let i(h) = -5*h**2 + 36*h + 149. Calculate i(-4).
-75
Let q(g) = -g**3 - 3*g**2 - 866*g - 1730. Determine q(-2).
-2
Let o(n) = n**2 - 14*n + 63. Give o(17).
114
Let j(h) = -h**3 + 4*h**2 + 33*h - 137. Give j(6).
-11
Let s(k) = 121*k**3 - 2*k**2 + 1. What is s(1)?
120
Let b(m) = -m**3 - 9*m**2 + 137*m + 45. Determine b(-17).
28
Let c(w) = w**2 + 85*w - 473. What is c(-91)?
73
Let c(l) = l**3 - 139*l**2 + 298*l - 3274. Calculate c(137).
14
Let o(l) = l**3 + 5*l**2 + 17*l + 29. Give o(-2).
7
Let t(r) = -r**3 - 4*r**2 - 5*r - 13. What is t(-5)?
37
Let l(n) = -17*n**3 - 324*n**2 - 23*n - 71. Give l(-19).
5
Let p(s) = -2*s**3 - 16*s**2 + 240*s + 1413. Determine p(-6).
-171
Let u(r) = r**3 - 3*r - 75. Calculate u(0).
-75
Let x(g) = -4*g**2 - 8*g + 5. Calculate x(-3).
-7
Let f(j) = j**2 - 160*j + 1213. Determine f(8).
-3
Let c(t) = -t**3 - 33*t**2 + 327*t - 46. Calculate c(-41).
-5
Let u(q) = 191*q - 1687. Give u(9).
32
Let x(q) = -q**3 - 10*q**2 + 154*q + 1131. Determine x(-7).
-94
Let h(b) = 8*b - 177. Calculate h(0).
-177
Let t(q) = 1003*q - 114337. What is t(114)?
5
Let f(a) = 163*a**2 - 478*a - 4. Give f(3).
29
Let q(j) = -10*j**2 - 19*j + 15. Determine q(-12).
-1197
Let l(g) = -g**2 + 63*g - 756. Give l(18).
54
Let v(q) = 58*q - 131. What is v(4)?
101
Let o(z) = 201*z - 4623. Give o(23).
0
Let s(d) = -2*d**2 + 167*d + 952. What is s(89)?
-27
Let c(k) = -k**3 + 18*k**2 - 11*k - 97. Give c(17).
5
Let q(t) = -102*t + 814. What is q(8)?
-2
Let d(p) = 6*p - 8. Determine d(6).
28
Let z(r) = 2*r**2 - 78*r + 163. Determine z(37).
15
Let j(z) = -2*z**2 + 43*z + 230. Give j(26).
-4
Let o(j) = -17*j**2 + 56*j - 106. Determine o(2).
-62
Let d(z) = -15*z + 906. What is d(66)?
-84
Let y(z) = z**2 + 84*z - 752. Calculate y(-94).
188
Let r(d) = 903*d + 3548. Calculate r(-4).
-64
Let q(r) = -9*r**2 - 457*r + 29. Calculate q(-51).
-73
Let f(b) = -b**3 - 9*b**2 + 27*b - 122. Give f(-12).
-14
Let h(g) = 18*g + 739. Determine h(-40).
19
Let l(p) = -362*p + 1456. What is l(4)?
8
Let c(r) = r**3 + 12*r**2 + 4*r + 43. Give c(-12).
-5
Let x(z) = z**2 - 188*z + 1767. Calculate x(10).
-13
Let d(p) = p**2 + 273*p + 18534. Give d(-148).
34
Let z(x) = 16*x + 182. Give z(11).
358
Let y(x) = x**3 + 42*x**2 + 55*x + 579. Determine y(-41).
5
Let k(g) = -30*g**3 - 15*g**2 - 27*g - 6. Determine k(-2).
228
Let d(s) = -5795*s - 63740. Determine d(-11).
5
Let w(y) = y**2 - 52*y + 122. What is w(57)?
407
Let i(u) = 2*u**3 - 39*u**2 - 23*u + 67. Determine i(20).
7
Let n(b) = 26*b**3 + 107*b**2 + 15*b + 6. What is n(-4)?
-6
Let y(c) = -2*c**2 + 89*c - 17. What is y(44)?
27
Let c(n) = 2859*n - 39997. Determine c(14).
29
Let a(f) = -f**3 - 2*f**2 + 102*f + 581. Calculate a(-6).
113
Let r(t) = -2*t**3 + 143*t**2 + 70*t + 182. What is r(72)?
38
Let f(x) = 19*x**2 - 156*x + 50. Give f(8).
18
Let n(m) = -m**3 - 29*m**2 - 64*m + 318. Determine n(-26).
-46
Let l(j) = 39*j + 4325. Calculate l(-104).
269
Let x(p) = 2*p**3 + 87*p**2 - 47*p - 141. What is x(-44)?
-9
Let b(o) = 2061*o - 33004. What is b(16)?
-28
Let j(i) = 935*i - 10269. Determine j(11).
16
Let r(v) = -152*v + 325. What is r(3)?
-131
Let r(t) = -2*t**2 + 73*t + 11518. Give r(-60).
-62
Let s(d) = 99*d - 7636. Give s(77).
-13
Let g(x) = -3*x - 41. Give g(6).
-59
Let y(v) = -4*v**2 + 117*v + 120. Calculate y(29).
149
Let x(p) = -3*p**2 - 29*p - 121. Determine x(-8).
-81
Let o(g) = 2*g**2 - 57*g + 376. What is o(10)?
6
Let z(u) = 2*u**2 - 32*u + 93. Determine z(10).
-27
Let z(x) = 35*x - 1887. Determine z(54).
3
Let a(h) = 440*h - 2957. What is a(7)?
123
Let d(b) = -b**2 + 6927*b - 69164. Give d(10).
6
Let c(a) = 16*a - 1379. Determine c(52).
-547
Let b(z) = z**3 + 51*z**2 - 160*z + 90. Determine b(-54).
-18
Let n(b) = 163*b + 11257. What is n(-69)?
10
Let m(c) = -c**3 - 47*c**2 + 166*c + 802. Give m(-50).
2
Let z(g) = 12*g + 539. Give z(-48).
-37
Let j(p) = -101*p - 401. Calculate j(-3).
-98
Let g(z) = -z**2 - 4*z + 237. Give g(-17).
16
Let l(i) = i**3 + 48*i**2 + 266*i + 15. Give l(-6).
-69
Let q(w) = w**2 - 15*w - 214. Give q(-13).
150
Let d(j) = -3*j**2 + 12*j + 141. Calculate d(-9).
-210
Let q(j) = j**3 + 15*j**2 + 24*j + 35. What is q(-13)?
61
Let o(u) = 45*u - 1508. Calculate o(26).
-338
Let b(n) = n**2 + 17*n - 227. Give b(-26).
7
Let a(d) = d**3 + 67*d**2 - 75*d - 470. What is a(-68)?
6
Let z(r) = r**2 + 173*r + 1008. Calculate z(-6).
6
Let a(o) = -o**3 + 13*o**2 + 81*o - 1012. What is a(14)?
-74
Let q(r) = -59*r + 1937. What is q(32)?
49
Let c(o) = -2*o**2 - 88*o + 389. Give c(-48).
5
Let x(r) = r**3 - 7*r**2 - 33*r + 222. Determine x(8).
22
Let l(n) = 223*n + 543. Determine l(-2).
97
Let d(p) = -3*p**3 + 200*p**2 + 270*p + 141. Give d(68).
5
Let q(o) = -o**2 - 11*o + 288. What is q(12)?
12
Let g(j) = 54*j**2 - 705*j + 81. What is g(13)?
42
Let r(m) = 2*m**2 + 40*m + 38. Determine r(-19).
0
Let i(v) = -v**3 - 38*v**2 + 40*v - 215. Determine i(-39).
-254
Let x(s) = 160*s - 936. What is x(6)?
24
Let m(p) = -p**2 + 55*p - 359. Determine m(7).
-23
Let a(u) = 125*u + 597. Give a(-3).
222
Let u(r) = r**3 + 12*r**2 + 15*r - 31. Give u(-11).
-75
Let y(l) = l**2 - 60*l - 192. Determine y(63).
-3
Let q(h) = -h**2 + 26*h - 101. Determine q(21).
4
Let v(u) = -123*u + 1971. Give v(16).
3
Let k(o) = -21*o**3 + 25*o**2 - 22*o - 3. What is k(1)?
-21
Let d(u) = 14*u - 10. Determine d(6).
74
Let y(i) = i**3 + 3*i**2 - 709*i - 4189. Give y(-6).
-43
Let l(o) = 14*o**2 - 113*o + 28. Calculate l(8).
20
Let p(o) = -35*o**2 + 206*o + 13. Calculate p(6).
-11
Let b(v) = 13*v - 616. What is b(48)?
8
Let v(o) = 38*o**2 - 93*o + 1. Calculate v(4).
237
Let n(x) = 5*x + 269. What is n(-68)?
-71
Let u(w) = 822*w + 56710. Calculate u(-69).
-8
Let q(j) = 20*j**2 - 241*j + 4. Calculate q(12).
-8
Let s(m) = -13*m**2 - 259*m + 26. Determine s(-20).
6
Let v(c) = -7*c**2 - 928*c + 1875. What is v(2)?
-9
Let f(v) = -19*v - 9. Give f(-9).
162
Let w(y) = -2566*y + 2559. Give w(1).
-7
Let g(t) = 30*t - 405. Give g(13).
-15
Let a(l) = 9*l - 169. Determine a(0).
-169
Let s(q) = -q**2 - 3*q - 30. What is s(-13)?
-160
Let b(l) = -7*l - 177. What is b(-25)?
-2
Let t(o) = o**3 - 36*o**2 - 62*o - 551. Give t(38).
-19
Let r(u) = -u**2 - u - 309. Determine r(0).
-309
Let x(y) = 19*y + 144. What is x(13)?
391
Let k(t) = t**2 - 50*t + 204. Determine k(44).
-60
Let f(r) = r**3 + 3*r**2 - 24*r - 46. Calculate f(-5).
24
Let k(h) = -5*h**2 + 11*h + 76. What is k(-5)?
-104
Let y(a) = 26*a + 23. Calculate y(0).
23
Let m(i) = -2*i**3 + 22*i**2 - 25*i + 18. Give m(10).
-32
Let z(p) = -2*p**3 - 67*p**2 - 367*p + 24. Calculate z(-7).
-4
Let p(s) = 15*s + 47. Determine p(-25).
-328
Let d(i) = 79*i + 2316. Give d(-29).
25
Let g(b) = -6*b**2 + 1818*b + 1827. Give g(304).
3
Let g(r) = -r**3 + 53*r**2 + 164*r + 34. What is g(56)?
-190
Let w(p) = p**2 + 439*p - 4481. What is w(10)?
9
Let a(z) = 4*z - 134. Determine a(35).
6
Let a(g) = -2*g**3 - 16*g**2 - 11*g + 15. Calculate a(-9).
276
Let t(h) = -49*h**3 + 1089*h**2 - 244*h + 39. Calculate t(22).
-5
Let c(l) = 3*l**2 - 222*l - 8. Determine c(74).
-8
Let i(q) = -95*q - 77. What is i(-1)?
18
Let h(u) = -1387*u + 24983. Give h(18).
17
Let q(z) = -12*z**2 + z + 232. Determine q(-5).
-73
Let x(m) = -9*m + 612. Determine x(65).
27
Let h(i) = -8*i + 261. Calculate h(43).
-83
Let p(g) = 2*g**3 - 3*g**2 - 257*g + 63. Calculate p(12).
3
Let b(p) = p**3 + 5*p**2 - 54*p - 156. What is b(-9)?
6
Let k(c) = 218*c - 21. Calculate k(-1).
-239
Let y